v = m - -598. Let b = 745 + v. Is b a composite number?
True
Let y = -223 - -228. Let r(x) = -x**2 - 5*x + 5. Let f be r(-5). Suppose y*h + 5*p + 261 = 7*h, -h + 168 = f*p. Is h composite?
True
Suppose 2*w - 262*n - 55894 = -258*n, -n = 5*w - 139746. Is w composite?
True
Suppose 46*b = 3770635 + 1977818 + 1359605. Is b a composite number?
False
Let v(z) = 242*z**2 - 1. Let d(j) = 2444 - 242*j**2 - 2443 + 3*j - 4*j. Let o(l) = 3*d(l) + 4*v(l). Is o(-2) a composite number?
True
Is (18 + -11 + -6)*104578 composite?
True
Suppose 5*k = 0, -5*k + 457618 = 2*l - 2*k - k. Is l a composite number?
True
Is -207*43599*(-2)/54 prime?
False
Let s(y) = 3*y**2 + 36*y - 41. Let l(c) = 16*c**2 + 179*c - 207. Let h(f) = -2*l(f) + 11*s(f). Is h(15) prime?
False
Suppose -230580 = 124*n - 211712 - 725792. Is n a prime number?
True
Suppose -8*k + 49 = -87. Let q(v) = 26*v**2 + 7*v - 20. Is q(k) a composite number?
True
Is (0 + 755)/((-7 - 22) + 30) a composite number?
True
Suppose 3*q + 4*r = 364729, 121567 = 67*q - 66*q - r. Is q composite?
False
Suppose 14292722 - 32627810 - 122579202 = -330*a. Is a a prime number?
True
Let a(c) = 10*c**3 - 37*c**2 - 113*c + 202. Let s(d) = 3*d**3 - 12*d**2 - 37*d + 67. Let r(u) = -2*a(u) + 7*s(u). Is r(22) composite?
False
Is (11/(176/(-1934408)))/(2/(-4)) prime?
False
Let g(r) = -2*r**3 - 31*r**2 - 24*r + 58. Let j = 365 + -386. Is g(j) prime?
True
Let s = 35 + -28. Let j = s + 1. Suppose 6*z = j*z - 958. Is z composite?
False
Let f = 5067 + -8115. Let l be 60/(-210) - f/(-14). Is ((-8 - -2) + 5)*(l - -1) a composite number?
True
Suppose 3*p = -2*q + 8, -5*p + 0*q = -4*q - 6. Suppose -16737 = p*z + 5*z. Let w = 3362 + z. Is w prime?
True
Let o = 920 - 915. Suppose 0 = -3*r + o*l + 59810, 4*l + 22298 - 2373 = r. Is r a prime number?
False
Let t(r) = 5*r**3 + 8*r**2 - 12*r + 14. Let i be t(9). Let w = i + 8438. Is w composite?
False
Let t = 30 - 29. Suppose -18*v = -14*v - 9688. Is (v - -4) + (3/3)/t composite?
True
Let i(f) = -9*f + 4. Let u(s) = -s**2 - 28*s + 11. Let g(d) = -7*i(d) + 2*u(d). Let p be g(4). Is (948/(-15))/(4/p) a prime number?
False
Let f(t) = 2*t**2 + 24*t. Let r be f(19). Let a = r - 682. Let l = 1239 - a. Is l a prime number?
True
Suppose -j + 3*a + 45490 = 0, 3*j - 107*a + 109*a = 136437. Is j a prime number?
True
Suppose -4*g - m = -351, 5*g - 415 = 2*m + 27. Let w = g - 2. Suppose -2*d + 4256 = 4*l - w, -2*d = 6. Is l prime?
True
Let b(c) = 39*c**2 + 33*c + 5*c**2 + 122 - 18*c**2. Is b(-21) a composite number?
True
Let l(m) = 239*m**2 + 72*m - 305. Is l(-27) a prime number?
False
Let z = -346 - -1167. Suppose 2*c = -4*r + 49 + z, 4*c = -3*r + 1745. Is c a composite number?
True
Let i be (0 - 3)/(-3) + 4356. Let g = i + -1189. Suppose 2167 + 1025 = 3*t - 3*j, -3*t + g = 5*j. Is t composite?
False
Suppose 33*y - 29*y = 3*c - 24777, 5*y = -5*c + 41225. Is c a prime number?
False
Let i = 92 + -177. Let j = i - -89. Is (7/(35/j))/(2/265) composite?
True
Suppose 9*d + 2 = 10*d. Suppose d*g + 0*g - 8 = 0, -g = 4*k - 17544. Is k a prime number?
False
Is (346893/4)/((-165)/(-220)) prime?
True
Suppose -5*a = 74 - 9. Let v(k) = 19 - 30 - 43 - 46*k + 9*k. Is v(a) a prime number?
False
Suppose 6*o - 3124 = 170. Suppose -v = -o - 100. Is v prime?
False
Let h = -204 + 201. Is 47 - (-3 - h)/(-4 + 2) prime?
True
Let b(j) = -21*j - 5 + 3*j + 0*j + 41 - 6*j**2. Let x be b(-23). Let l = x - -4085. Is l composite?
False
Let s be (-27)/(-24) - (-16)/(-128). Is ((-118841)/(-69))/((s + 1)/6) a composite number?
False
Let v = 5403 - -10874. Is v a prime number?
False
Let v(y) = -y**3 + 103*y**2 + 324*y - 281. Is v(69) prime?
True
Let t = 20784 + -12763. Let w = t - 2892. Is w a prime number?
False
Is (273318/12 - 4)*(-12)/(-30) composite?
False
Let i(r) = 9*r + 9*r + r**2 - 24*r + 8*r - 8. Let t be i(-4). Is (2/6)/(4/1596 + t) a prime number?
False
Suppose 426 = 4*o - 3*d, 3*o + 0*d - 322 = d. Let y = 339 + o. Is y prime?
False
Suppose 4*b = -318 + 326. Suppose 0 = -2*j - 5*h + 2539, -b*j + h = 2*h - 2551. Is j a composite number?
False
Let r(p) = -361*p + 172. Let s(l) = 360*l - 169. Let u(f) = -4*r(f) - 5*s(f). Is u(-32) a composite number?
False
Is (-67927)/(((-81)/9 - -12)/(-3)) prime?
True
Let x = -756 + 876. Let k = x + 63. Is k prime?
False
Suppose -15 = 55*q - 58*q. Suppose 0*w = q*u - 2*w - 5575, -u - w + 1115 = 0. Suppose -36*l - u = -41*l. Is l prime?
True
Let h(v) = 38*v**2 + 7*v + 5. Let c(g) = g**2 + g + 2. Let x(a) = -6*c(a) + h(a). Let r = 51 + -45. Is x(r) composite?
False
Let f(h) = -146*h + 7. Is f(-50) a composite number?
False
Let x be 7/3 - (16/12 - 2). Let d(n) = -33*n**2 - 9*n + 11. Let s(u) = 66*u**2 + 19*u - 22. Let i(p) = -5*d(p) - 2*s(p). Is i(x) a prime number?
True
Suppose -2*a + 11*w - 12*w = -8545, 2*a = -4*w + 8554. Is a a composite number?
False
Let l be -1*(-10)/((-26)/(-4) - 6). Let n(z) = 3*z**3 - 30*z**2 + 12*z - 43. Is n(l) composite?
False
Let u(v) = v**2 - 2*v - 20. Let x be u(-4). Suppose -6*p = -5*p - 3*m - 15095, 0 = x*p + m - 60354. Is p prime?
False
Let a be ((900/(-24))/15)/((-2)/(-5240)). Let u = 9309 - a. Is u a composite number?
False
Suppose d + 7 = 2*d. Let g be 0 + (-4)/d + 12/(-28). Is (-3)/1*g/3 + 1066 a prime number?
False
Suppose 28*x = 11*x - 155465. Let i = 13558 + x. Is i a prime number?
False
Suppose 23*g - 184413 = 497468. Is g composite?
True
Let o be (1382/4)/((-42)/12 + 4). Suppose o = 7*b - 6*b. Is b composite?
False
Suppose -1928 - 2662 = 5*y. Let u = -33 - y. Suppose 3*p - 6*p + u = 0. Is p a prime number?
False
Suppose -314 - 1465 = -3*p. Let h = p - -16850. Is h composite?
False
Let j be (-2)/((-16)/(-24)*-3). Is ((-2 - 4)/(-12))/(j/1790) composite?
True
Is 887198/(-3)*(-31)/((-682)/(-33)) prime?
False
Suppose -4*o - o - 15 = 2*y, 0 = y - 4*o - 25. Let c(p) = 666*p - 20. Let w be c(y). Suppose -10*t = -0*t - w. Is t a prime number?
True
Let h(v) = 7*v**3 - 16*v**2 - 19*v + 95. Let j(m) = -m**2 - 12*m - 20. Let a be j(-7). Is h(a) prime?
False
Suppose 4*w = 5*b + 173349, 12*w - 13*w - 2*b + 43321 = 0. Is w a composite number?
False
Suppose 0 = r - 10*n + 8*n + 17255, 2*n + 17235 = -r. Let s(g) = -g**3 + g**2 - g - 11738. Let c be s(0). Let y = c - r. Is y prime?
True
Suppose 0 = -r + 4503 + 230. Is r composite?
False
Let p = 28663 + 72898. Is p prime?
True
Suppose -67*u + 63*u + 12 = 0. Suppose l = 4*d - 0*d + 157, -u*d = 6. Is l composite?
False
Let f(i) = 321*i - 2. Let r(a) = 643*a - 4. Suppose 0 = -5*m - b - 8, -5*b = m + 2*m - 4. Let j(p) = m*r(p) + 5*f(p). Is j(1) composite?
False
Let j(h) = -346*h + 87. Let w be j(-12). Suppose 42*t = -w + 171777. Is t a composite number?
False
Let y be -1*7/3*(-60 - -63). Let o be (-48)/(-112) + (-144)/(-7). Is ((-44)/(-6) + y)/(1/o) composite?
False
Let k(t) = -3*t**2 + 154*t - 80. Let d(a) = a**2 - 51*a + 27. Let c(v) = -7*d(v) - 2*k(v). Is c(19) composite?
False
Let s be 6*(9/(-6) - 2)*1. Let p(f) = -f**3 - 20*f**2 - 3*f - 33. Let z be p(s). Let b = -280 + z. Is b prime?
True
Let a = 22 - 17. Suppose -4*s + 4*w - 2025 = 391, -2*s - 1229 = a*w. Let t = s + 1308. Is t a prime number?
True
Suppose 0 = -c + 3*f, -4*c + 1 = -5*f - 6. Suppose -d - 220 = 2*h, -c*h - h - 670 = 3*d. Is d/(-3)*9/6 prime?
False
Suppose 8*g - 8*g + 60266 = g. Is g composite?
True
Is 3/(-3)*-1 + ((-1437912)/(-6))/6 a composite number?
True
Let u(z) = -26*z + 474*z**2 + 1958 + 1957 - 3921 + 45*z**2. Is u(7) a composite number?
False
Let h(y) = -2*y**2 + 9*y + 18. Let i be h(6). Suppose -5*x = i, 4*x - 8180 = -4*m - m. Let g = -593 + m. Is g prime?
False
Let v(x) = x**3 - x**2 + 6925. Let j be v(0). Suppose -j = -10*g + 23545. Is g a composite number?
True
Suppose -23 = -10*q + 327. Is (-42)/12*(-26020)/q composite?
True
Let m(l) = 5231*l - 57. Let s be m(4). Let g = 53112 - s. Is g a prime number?
False
Let m(i) = -i**3 - 48*i**2 + 68*i + 131. Is m(-78) a composite number?
False
Let q(u) be the third derivative of u**6/60 - u**5/30 - 5*u**4/24 + 1835*u**3/6 + 28*u**2 + u. Is q(0) a composite number?
True
Suppose -31*a + 2759001 = 215575. Is a a prime number?
False
Let x = -291 + 72. Let v = x + 312. Is v a composite number?
True
Let c = -127824 + 194507. Is c prime?
True
Suppose -v = 3*o - 0*v - 97, 5*o - 4*v - 139 = 0. Let a = 31 - o. Is (a -